te the remainder when 27 - ((-2)/14 + 29/7) is divided by s.
5
Suppose 9*u = 8*u + 22. Suppose -5*w + 403 = -4*q, 3*q - 3*w + 0*w + 300 = 0. What is the remainder when 3 - q - (-24)/6 is divided by u?
16
Suppose -2330*p + 2329*p + 119 = 0. Calculate the remainder when 2631 is divided by p.
13
Suppose 5*r - 10 = -0*r. Suppose -r*w + 2*j + 4 = 0, 0 = 4*j + 6 + 6. Calculate the remainder when 30 is divided by (-2 + w)/1 - (-7 + -8).
6
Calculate the remainder when 182 is divided by (1758/12 + 1)*((-10)/(-25))/1.
5
Let b(a) = 58*a**2 + 26*a - 52. Let w be b(2). Let d = w + -149. Calculate the remainder when d is divided by 18.
11
What is the remainder when ((-12459)/(-12))/((-17)/(-136)) is divided by 39?
38
Suppose 3*x + 0*x = 180. Let o(k) = -3*k**2 - 73*k + 68. What is the remainder when x is divided by o(-25)?
6
Let v(q) = q**3 - 17*q**2 - 18*q. Let h be v(18). What is the remainder when 27/(-9)*-53 - h/(-2) is divided by 18?
15
Let i = -10 + 18. Suppose 4*b - i*b = -92. Calculate the remainder when (-31)/(1302/(-4732)) - 2/3 is divided by b.
20
Suppose -15*t = -12*t - q - 127, 0 = 2*t + 5*q - 96. What is the remainder when 80 is divided by t?
37
Let r(u) = 1. Let x(k) = k**2 - 8*k + 4. Let z be x(8). Let g(n) = 3*n - 28. Let t(p) = z*r(p) - g(p). What is the remainder when 69 is divided by t(6)?
13
Let c(x) = x**3 + 16*x**2 + 39*x + 21. Let d(q) = q + 162. Calculate the remainder when d(0) is divided by c(-3).
15
Suppose 277*b = 129*b + 10360. Calculate the remainder when 388 is divided by b.
38
Let z(g) = g**2 - 4*g + 18. Let w be z(-8). Suppose -w = 13*x - 452. Calculate the remainder when 77 is divided by x.
25
Let g = 3267 - 3248. What is the remainder when 429 is divided by g?
11
Let o(l) = 14*l**2 + 37*l - 250. What is the remainder when o(26) is divided by 87?
84
Suppose -2004 = 7*g - 3*g. Let v = -492 - g. What is the remainder when 31 is divided by v?
4
Let w be 0/(2 - (4 - 4)) - 10. Suppose -3*z + 10 = -2*z. What is the remainder when (-1226)/w - (-4 - (-46)/z) is divided by 31?
29
Suppose c - 43 = 4*o, 4*c - o - 13 = 174. Calculate the remainder when 581 is divided by c.
17
Let t = -4503 + 4562. Calculate the remainder when 1513 is divided by t.
38
Let p(c) be the second derivative of -c**5/20 - c**4/6 + 11*c**2/2 - 16*c. Let s(z) = 34*z + 1. Calculate the remainder when s(5) is divided by p(-4).
42
Suppose -5*y - 17 = -4*j, 3*j = -3*y - 0 + 6. Suppose -n + 641 + 756 = -4*r, 4*r - 4*n = -1388. What is the remainder when (-14 - r/20)*(3 - 1) is divided by j?
1
Let l(i) = 2*i**3. Let m be ((-55)/(-22))/(5/10). Calculate the remainder when l(m) is divided by 23.
20
Let f(d) = -d**3 - 37*d**2 - 2*d + 11. Let z(p) = -13*p**2 + 11*p - 7. Let r be z(2). What is the remainder when f(r) is divided by 8?
5
Calculate the remainder when 4242/808*416/6 is divided by 29.
16
Suppose -7*x + 39 + 52 = 0. Let n be 2/(-4)*x/(78/(-72)). Suppose -n*g - 159 = -9*g. Calculate the remainder when g is divided by 19.
15
Suppose 0 = 5*x - 3*v - 400, -x + 4*v = -69 - 28. Let y(a) = -a**3 + 25*a**2 - 48*a + 74. What is the remainder when x is divided by y(23)?
21
Calculate the remainder when 873 is divided by ((-1)/(-4)*34*-10)/(57/(-285)).
23
Let c(f) = 10*f + 33. Let t be c(-10). Let v = 142 + t. Let q = 156 - v. What is the remainder when q is divided by 28?
25
Suppose 3*k - 24 = 4*z - 2*z, 0 = -5*k + z + 47. Calculate the remainder when 315 is divided by k.
5
Let d(a) = a**3 - 2*a**2 - 4*a - 1. Let y be d(2). Calculate the remainder when (25 + y)/(-4) - (-47 + -1) is divided by 12.
8
Suppose 459*l - 2634795 - 1446263 = 142*l. What is the remainder when l is divided by 25?
24
Let k(z) = -40*z**3 + 2*z**2 + 4*z + 1. Calculate the remainder when 465 is divided by k(-1).
36
Suppose 594 = -165*o + 35079. Suppose 332 = 2*b + 2*b. Let l = -30 + b. What is the remainder when o is divided by l?
50
Suppose -7*m - 5*m + 480 = 0. Suppose 3*t + 819 = 16*t. Suppose i - 4 = -y + 12, 5*i = -4*y + t. Calculate the remainder when m is divided by y.
6
Suppose -3*x - 18 = -6*x. Let i(p) = p**2 - 6*p + 9. Let f(w) = -3*w**3 - 31*w**2 - 42*w - 44. What is the remainder when f(-9) is divided by i(x)?
1
Let v(u) = u - 16. Let x(t) = -t + 15. Let h(l) = 3*v(l) + 4*x(l). Suppose 10*r - 100 = 10. Calculate the remainder when r is divided by h(4).
3
Let o be 50/4*(-2)/30*-6. Suppose o*c - 46 = b, 0 = -3*c - 2*c + 2*b + 42. Calculate the remainder when 213 is divided by c.
3
Suppose 280*i + 20*i - 86700 = 0. Calculate the remainder when i is divided by 18.
1
Suppose 0 = -2*y - 1 - 3, -34 = -4*k - 3*y. Suppose s + 5 = -4*s. Calculate the remainder when k is divided by s + 4 + 0 + -1.
0
Suppose 374*w - 375*w + 3*r + 17 = 0, -4*r = -w + 13. Calculate the remainder when 11538 is divided by w.
25
Calculate the remainder when 685 is divided by (-3)/15*25 + 784/2.
298
Suppose 2*g + 29 = 7*i - 10*i, -26 = 2*i - 2*g. Calculate the remainder when 135 is divided by 7/((i/(-22))/((-4)/(-2))).
23
Suppose 3*c + 84 = 9*c. Suppose 0 = -2*t - 2*n - c, 2*t + 4 = n - 1. Let a = t - -31. What is the remainder when 133 is divided by a?
25
Let q be 640/(-28) + (-1)/7. Let i(c) = -15*c - 333. Calculate the remainder when 17 is divided by i(q).
5
Let r = 16773 - 16766. Calculate the remainder when 12940 is divided by r.
4
Let o(k) = 9*k**2 + 91*k - 277. Calculate the remainder when 178 is divided by o(3).
24
Let u = -2081 + 2093. What is the remainder when 39 is divided by u?
3
Suppose -310*o + 3*t = -308*o - 614, 5*o - 5*t - 1555 = 0. Calculate the remainder when 4146 is divided by o.
318
Let p(j) = j**3 - 30*j**2 + 32*j - 19. Let k(r) = r**3 - 50*r**2 - r + 79. Let w be k(50). Calculate the remainder when p(w) is divided by 18.
14
Let t(a) = -a**3 + a**2 - a + 1. Suppose 2*d = -3*w + 39, -3817*d + 2*w = -3816*d - 30. What is the remainder when t(-4) is divided by d?
13
Suppose -126*b = -8944 - 1892. What is the remainder when 3094 is divided by b?
84
Let m(w) = -6*w**3 + 8*w + 7. Let f be m(-3). Suppose -140*p + f*p = 30. Calculate the remainder when 18 is divided by p.
0
Let k be (-39 - -181)/(-3 - -1). Let p = 77 + k. What is the remainder when (-27)/(3/6*-2) is divided by p?
3
Let q = 413 + -305. Let k = 138 - q. Calculate the remainder when 57 is divided by k.
27
What is the remainder when 2/62 + 13734644/4774 is divided by 96?
93
Suppose 2509 = 9*f - 1343. Calculate the remainder when f is divided by 47.
5
Let k(j) = 22*j + 4. Let f(p) = 45*p + 4. Let b(y) = -2*f(y) + 5*k(y). Calculate the remainder when 81 is divided by b(0).
9
What is the remainder when 430 is divided by (-31768)/(-1064) + 6/(-7)?
24
Let h(t) = t - 2. Let p be h(6). Suppose -p*l = -5*y + 14, -5*y - l + 28 = -6. Calculate the remainder when (-8)/(8/(-75)) - y/2 is divided by 37.
35
Suppose 0 = -2*y + 2, -142*n + 5*y = -146*n + 19849. Calculate the remainder when n is divided by 24.
17
Suppose -5*h + 154 = 5*p + 44, 5*p = 4*h - 34. Calculate the remainder when 14703 is divided by h.
15
Suppose -4*j - 248 = -3*d - 39, -3*j - 4*d = 188. Let f = 133 + j. Let m = -51 + f. Calculate the remainder when m is divided by 10.
6
Suppose -27 = -3*c + 3*u, 16*c - 144 = 18*u - 21*u. Calculate the remainder when 47 is divided by c.
2
Let o = 118 + -11. Let l = -7227 + 7255. What is the remainder when o is divided by l?
23
Suppose 2*i - 114 = -3*q, -119*i + 3*q = -117*i - 102. Suppose -10 = -2*s, 2*s + 0 = 4*v + 2. Let u = v - -9. What is the remainder when i is divided by u?
10
Let s = 0 - -1. What is the remainder when 17/s + 6/3 is divided by (-7272)/1010*5*1/(-3)?
7
Suppose -o + 12 = -23. Let u be (-51)/(-119) - 873/(-21). Suppose -10*a + 11*a - 4*f - 21 = 0, -2*f = -4*a + u. Calculate the remainder when o is divided by a.
8
Suppose -46*q + 9 = 55. What is the remainder when 4*(q + 0) - (-37 + 4) is divided by 9?
2
Calculate the remainder when 187 is divided by 14171/259 - 2/(-7).
22
Suppose -16 = -4*r - 4*h, -2 = -2*r + 3*h + h. Let a(f) = f**3 - f**2 - 3*f - 1. What is the remainder when 30 is divided by a(r)?
6
Let p(a) = a**2 + 29*a - 163. What is the remainder when p(23) is divided by 28?
25
Suppose -7*p = -4*p - v - 3073, v - 1031 = -p. Suppose -6*f = -p - 6. What is the remainder when f is divided by 6?
4
Let q = -5310 + 5474. What is 